, what is -222 + 211110?
210111
In base 2, what is -10010 + 10011111010000?
10011110111110
In base 7, what is -2421202 - 3?
-2421205
In base 4, what is 22002 - -23?
22031
In base 4, what is 2102 - 1230030?
-1221322
In base 11, what is -58797 - 8?
-587a4
In base 8, what is -2631 + -42?
-2673
In base 2, what is 100010110 + -100011010?
-100
In base 11, what is 149 + -352?
-204
In base 12, what is -25b130 - 0?
-25b130
In base 14, what is -4 - -1739d?
17399
In base 6, what is 4 + 2055253?
2055301
In base 3, what is -12010 + -22212?
-111222
In base 7, what is -1530541 + 10?
-1530531
In base 14, what is d06 + -61?
c85
In base 14, what is -5d5 + -9d?
-694
In base 8, what is 3 - -1264310?
1264313
In base 7, what is -4 + -1040145?
-1040152
In base 15, what is 16b - -924?
a90
In base 5, what is -44042 - -2?
-44040
In base 5, what is 2200 + -122?
2023
In base 3, what is 2 + 212101001?
212101010
In base 4, what is 310330 - -123122?
1100112
In base 8, what is 0 + -57454?
-57454
In base 2, what is -101 + 10101101010101?
10101101010000
In base 10, what is -1 + -554104?
-554105
In base 9, what is -42212 - -14?
-42187
In base 5, what is -100 + 12240?
12140
In base 8, what is 10 - -42350?
42360
In base 10, what is 103380 + 4?
103384
In base 15, what is -1331 + -2bc?
-15ed
In base 12, what is 34 - 1092?
-105a
In base 8, what is 45044 - -6?
45052
In base 16, what is 3920 - 4?
391c
In base 13, what is 9293 + 133?
93c6
In base 11, what is 6 - -302569?
302574
In base 11, what is 6 - -6a819?
6a824
In base 14, what is 5 + 149b?
14a2
In base 16, what is 22a2 - 53?
224f
In base 13, what is -5 - -42724?
4271c
In base 12, what is -3 + 968?
965
In base 13, what is -3 - 44884?
-44887
In base 13, what is 4 + -a65a5?
-a65a1
In base 9, what is -4 - 140676?
-140681
In base 7, what is -5 - -2065616?
2065611
In base 5, what is 3 - -3120413?
3120421
In base 16, what is 26 + -d?
19
In base 16, what is -9 + 71b8?
71af
In base 2, what is -100100 + 1110111?
1010011
In base 8, what is 43400 + -5?
43373
In base 2, what is 10 - 1001101110001?
-1001101101111
In base 10, what is -9058 + 1?
-9057
In base 14, what is 1 - -4176?
4177
In base 13, what is 0 + -48c4?
-48c4
In base 9, what is 4 + 3038?
3043
In base 10, what is -8176 + -13?
-8189
In base 3, what is -2201200000 - 1112?
-2201201112
In base 7, what is 11616 + 15?
11634
In base 7, what is -1 + 42544?
42543
In base 8, what is -16632063 - -2?
-16632061
In base 7, what is 1 + -15621?
-15620
In base 2, what is 100110000000001 + -100?
100101111111101
In base 6, what is -10 + -540311?
-540321
In base 7, what is -3 - 212201?
-212204
In base 8, what is 532034 + -1?
532033
In base 15, what is -244 - -1570?
132b
In base 9, what is 27 - 702?
-664
In base 8, what is -43 + -6074?
-6137
In base 13, what is -3c82 - -b2?
-3ba0
In base 5, what is 13230 + 22?
13302
In base 8, what is 1410316 - 3?
1410313
In base 8, what is 424 + -205?
217
In base 15, what is 2 + -8199?
-8197
In base 6, what is 15552 - 34?
15514
In base 12, what is -3 + -a4362?
-a4365
In base 16, what is -5 - 27c9?
-27ce
In base 6, what is -4201023 + 0?
-4201023
In base 4, what is -3023 + 311113?
302030
In base 11, what is 10 - -1550?
1560
In base 14, what is 1 - 55d24?
-55d23
In base 13, what is 6c02 - 18?
6bb7
In base 14, what is -17d + 21?
-15c
In base 5, what is -242 + -42?
-334
In base 14, what is 3 - 407b7?
-407b4
In base 9, what is -21754 - 1?
-21755
In base 15, what is -4 - 6bbe?
-6bc3
In base 9, what is -3131 - -30?
-3101
In base 12, what is 266078 + 7?
266083
In base 11, what is 9 + -707?
-6a9
In base 12, what is 17 + 448?
463
In base 13, what is -2a1c - 94?
-2ab3
In base 4, what is -101032 + -1001?
-102033
In base 9, what is 3 + 4032?
4035
In base 3, what is 11 + 2212021?
2212102
In base 2, what is -110100101100100 - -101?
-110100101011111
In base 10, what is 22323 + -1?
22322
In base 10, what is -1176 - 36?
-1212
In base 4, what is 3 - -11330232?
11330301
In base 3, what is -102111121 - 11?
-102111202
In base 3, what is -1 - -200001012?
200001011
In base 3, what is -200 + -10022022?
-10022222
In base 10, what is 20 + 47417?
47437
In base 14, what is 18559 - 4?
18555
In base 13, what is -860b4 + -5?
-860b9
In base 11, what is -29665 + 21?
-29644
In base 7, what is 3533 - -605?
4441
In base 2, what is -11110101011111001 - -1?
-11110101011111000
In base 9, what is -13753 - -1?
-13752
In base 3, what is 102 - 122202021200?
-122202021021
In base 9, what is 2 + -25868?
-25866
In base 16, what is b + -148c?
-1481
In base 15, what is -d9 - 7722?
-780b
In base 16, what is 3 - -812?
815
In base 12, what is -8 - -2911?
2905
In base 9, what is 44686 - -23?
44720
In base 14, what is -9a + -105b?
-1117
In base 9, what is -6 + -81687?
-81704
In base 2, what is -1111110000011001101 + 1?
-1111110000011001100
In base 5, what is -2 + 1243032?
1243030
In base 14, what is 2 - -24a7?
24a9
In base 8, what is 212 - -104?
316
In base 14, what is -7 + 170d?
1706
In base 15, what is 94b25 - -2?
94b27
In base 10, what is -10808 - -5?
-10803
In base 10, what is -18 + 98187?
98169
In base 12, what is -5 - 153261?
-153266
In base 9, what is 2 - 182216?
-182214
In base 3, what is -120100120 + 202?
-120022211
In base 13, what is 4a6 + a?
4b3
In base 4, what is 20 - -30200100?
30200120
In base 9, what is -201 - -1425?
1224
In base 10, what is -255468 - 5?
-255473
In base 11, what is -9975 + 309?
-9667
In base 6, what is 4114455 + -11?
4114444
In base 12, what is -29 - -17a?
151
In base 14, what is 2 + -1bdc3?
-1bdc1
In base 7, what is 3 - 34111?
-34105
In base 6, what is 430133201 - 0?
430133201
In base 4, what is 1313023300 + 11?
1313023311
In base 12, what is 4 + 6494?
6498
In base 13, what is 4aa14 - -1?
4aa15
In base 11, what is 1574 + -266?
1309
In base 16, what is -4 + -cfe?
-d02
In base 10, what is -236 + -2?
-238
In base 16, what is -17906b - 3?
-17906e
In base 13, what is 7 - 3171?
-3167
In base 9, what is -35 - 13?
-48
In base 5, what is 233342 + -1?
233341
In base 4, what is 0 + -1131320211?
-1131320211
In base 11, what is 2 - 32798?
-32796
In base 12, what is 103 - 52?
71
In base 6, what is -3501202 - 3?
-3501205
In base 14, what is -13a - -2b?
-10d
In base 16, what is 474c - -31?
477d
In base 8, what is -2004567 - 12?
-2004601
In base 13, what is 16a7 + 249?
1923
In base 11, what is -419 + 28?
-3a1
In base 6, what is 1522 + -5102?
-3140
In base 15, what is -1bbe - 160?
-1d2e
In base 14, what is 853 + 37?
88a
In base 6, what is 53 - -11110?
11203
In base 8, what is 1 + -6545?
-6544
In base 14, what is -9538 - -10?
-9528
In base 6, what is 5 + 11420554?
11421003
In base 8, what is -2504 - -42?
-2442
In base 8, what is 16671 - 4?
16665
In base 16, what is 49 - -883?
8cc
In base 8, what is 1170 + 207?
1377
In base 12, what is 2 + -116a6?
-116a4
In base 10, what is -11 - -5660?
5649
In base 2, what is -1010 - -1000110001101011?
1000110001100001
In base 7, what is 34132 + -456?
33343
In base 13, what is -267 + -1c?
-286
In base 11, what is 2 + -50188a?
-501888
In base 11, what is 11965 + 5?
1196a
In base 13, what is -107 - -48?
-8c
In base 6, what is -23355 + 24?
-23331
In base 3, what is -112120202 - 10?
-112120212
In base 3, what is -10220021 - -201011?
-10012010
In base 2, what is -1101100010101100011 - 11?
-1101100010101100110
In base 8, what is -1 + 1131421?
1131420
In base 8, what is 46 - 707?
-641
In base 4, what is -12011220320 + 10?
-12011220310
In base 5, what is 213 + 1111?
1324
In base 7, what is -260 + 5?
-252
In base 13, what is -34 + -218?
-24c
In base 14, what is -b9 - 688?
-763
In base 3, what is -102200 + -222202?
-1102102
In base 4, what is 103 + -1202111?
-1202002
In base 13, what is 3a8 - -c?
3b7
In base 12, what is -5 - -287739?
287734
In base 4, what is 20220 - 11332?
2222
In base 10, what is 14 + -24453?
-24439
In base 5, what is -1 + -40220234?
-40220240
In base 9, what is 37 + 726?
764
In base 15, what is 1295 + -2c?
1268
In base 9, what is 55473 + -5?
55467
In base 8, what is -17 + -115153?
-115172
In base 8, what is -41773 - 1?
-41774
In base 14, what is -cc0 + 10d?
-bb1
In base 3, what is -2 + 12222122021?
12222122012
In base 14, what is 1bb26 - -15?
1bb3b
In base 16, what is 2 - 85322?
-85320
In base 3, what is 111 - -122221001?
122221112
In base 8, what is 1 + -33717